/9)/((-2)/6). Suppose 0 = 4*h - 10 - m. What is the units digit of h?
3
Let m be (150/9)/((-1)/(-3)). Suppose -m = -4*b - b. What is the tens digit of b?
1
Suppose 0 = f - 7 - 6. Suppose -59 = -g - f. What is the tens digit of g?
4
Let s(n) = n**3 - 2*n**2 - 4*n + 6. Let a be s(3). Suppose a*g + 3*g - 138 = 0. What is the units digit of g?
3
What is the units digit of (2/(-4))/(3/(-42))?
7
Suppose -15 = 3*d - 45. Suppose 0 = h + 5*n - 0*n - d, -n = -5*h + 24. What is the units digit of h?
5
Suppose 2*w + 3 - 59 = 0. What is the units digit of w/5 + 6/15?
6
Suppose y = -0*y - 4*g + 77, -5*y - 4*g + 385 = 0. Suppose 5*w - y = -12. What is the units digit of w?
3
Let y = 6 + -8. Let n be y/((-1)/(10/(-4))). What is the units digit of 6/n*(-10)/3?
4
Let i be 1/((-2)/2) - -10. What is the tens digit of -2 + 15/i*15?
2
Let u(o) = o - 1. Let m be u(6). Suppose m*p - 18 = 2. Suppose -h + p - 1 = 2*z, 4*h - 4*z = 36. What is the units digit of h?
7
Let i(j) = -j**2 + 2*j + 3. Let p be i(3). Suppose f + p*f = 12. What is the units digit of f?
2
Suppose 4*o - 5*o = -20. What is the tens digit of o?
2
Let g = -84 + 131. Let p = g - 17. What is the tens digit of p?
3
Suppose -3 + 15 = q. What is the tens digit of q?
1
Let u be 66/(-18) - (-2)/(-6). Let j be (-3)/((-3)/60*-3). What is the units digit of (6 + -1)*u/j?
1
Let q = 41 + -28. Suppose -3*t - q = -103. What is the units digit of t?
0
Let d(y) be the third derivative of y**5/60 + 7*y**4/24 - 2*y**3/3 - 2*y**2. Let l be d(-7). What is the units digit of l*(-1)/(-2) + 5?
3
Let t(z) = -z**2 + 7*z + 1. What is the tens digit of t(5)?
1
Let y(m) = 2*m - 2. Let q be y(2). Suppose -q = 3*u - 2*u. Let d(b) = 5*b**2 + b - 1. What is the tens digit of d(u)?
1
Let l(q) = q**2 + q. Let t be l(0). Suppose t = 5*s - 177 - 13. What is the tens digit of s?
3
Suppose -3*l + 1 = -5. Suppose 3*v - 23 = -l*m, -2*v + 5*m - 15 = -v. What is the units digit of v?
5
Let p = 36 - 4. What is the tens digit of p?
3
Let q = -8 - -6. What is the units digit of q/(-4) + (-196)/(-8)?
5
Let o be 1 - (1 - (0 + -5)). Suppose -4*h + 3*h = v - 7, 4*h = 5*v - 8. What is the units digit of h/((15/(-4))/o)?
4
Suppose -17*v = -18*v + 20. What is the tens digit of v?
2
Let p(f) = 2*f - 4*f**2 + 4*f**2 + 2*f**2. Let w be p(-2). Suppose 2*d = -j + w, 0*d + d - 9 = -4*j. What is the units digit of d?
1
Let w(r) = -2*r - 7. Let l be w(-7). Suppose 4*t - 1 = l. Let s(f) = f**3 + f - 1. What is the units digit of s(t)?
9
Let x = -12 - -18. Let z = 17 - x. What is the tens digit of z?
1
Let g(s) = -s - 5. Let o be g(-8). Suppose -h + 39 = -3*t + 6*t, -t = -o*h - 3. What is the tens digit of t?
1
Let i = 46 + -23. Let g = i + -9. What is the units digit of g?
4
Suppose 0 = o + 3 - 93. What is the tens digit of o?
9
Let g(z) = -z**2 - 14*z + 15. What is the tens digit of g(-12)?
3
Suppose -3 = 2*i + 2*i - 3*v, 5*v = i - 12. Let d(r) = 2*r**2 + r + 4. What is the tens digit of d(i)?
1
What is the units digit of ((-30)/2)/((-1)/2)?
0
Suppose -160 = -0*x - 4*x. Suppose k + x = 5*k. What is the units digit of (-12)/5*k/(-3)?
8
Suppose -t + 307 = 4*t + 3*h, -h - 1 = 0. What is the units digit of t?
2
Suppose 0 = -5*i - 0*i. Suppose i*k + 74 = 2*k. What is the tens digit of k?
3
Suppose 2*d + 6 = 4*x, 8*x + d = 4*x + 9. Suppose -x*m = y, 5*y = y - m. Suppose -b - 2 + 15 = y. What is the units digit of b?
3
What is the hundreds digit of (-4)/(-20) + 1/5*1129?
2
Let z = -30 - -58. What is the units digit of (2/4)/(7/z)?
2
Let d(t) = 2*t**2 - 2*t. Let h be d(4). Suppose 3*g = -0*g - h. Let n(a) = a**2 + 9*a + 10. What is the units digit of n(g)?
2
Let q(s) = 5*s**2 + 6*s + 4. Let v be q(-5). Suppose 0 = -2*h + 10, h = -4*o + 2*h + v. What is the units digit of o?
6
Suppose 3*z - 10 = -2*z. What is the units digit of (-38)/(-8) + z/8?
5
Let t be 6/4 + (-2)/(-4). Suppose 2*q - 3*c + 21 = 3, -2*q - 2*c = -t. What is the units digit of 54/8 + q/4?
6
Suppose 0 = -0*s + 3*s + 24. Let z = s - -11. What is the units digit of z?
3
Suppose 0 = -n - d - 3, -11 = -2*n + 5*d + 4. Suppose 0 = 3*g - 2*p - 0*p - 14, -5*g + 3*p + 22 = n. Suppose -4*k = -2*k - g. What is the units digit of k?
1
Let c = 4 - 1. Suppose -4*f = -2*q + 10, 2*q = -c*f - 6 - 5. Let v(h) = -6*h - 1. What is the units digit of v(q)?
5
Suppose -1062 = -17*g + 4752. What is the tens digit of g?
4
Let x = 37 + -21. Suppose 0 = -h - 7 + x. Suppose 0 = -h*p + 4*p + 60. What is the tens digit of p?
1
Suppose 23 = 2*z - 41. What is the units digit of z?
2
Let w(l) = -156*l**2 + 4*l + 1. Let h be w(5). What is the units digit of 4/(-22) + h/(-99)?
9
Let x(k) = -k**2 + 3*k + 6. Let n be 9/(-6)*(-5 + 1). Let s be x(n). What is the units digit of s/(-8) - 2/(-4)?
2
Let l be -1 + 3*-1 + 2. Let u = l + 2. Suppose 5*y + u*x - 13 = -4*x, y - 3*x = 14. What is the units digit of y?
5
Suppose -2*j + 0*j - 2*u = -54, -5*u = j - 11. What is the units digit of j?
1
Let c be ((-3)/2)/((-2)/8). Suppose c*n = n + 50. What is the tens digit of n?
1
Suppose -s + 132 = s. What is the tens digit of s?
6
Suppose 5*h = -5*x - 30, -x = x. Let z be h/(-8) - (-2)/8. Suppose 4 + z = d. What is the units digit of d?
5
Let h = 2 - -1. Let v = h + 5. Let f = v - 5. What is the units digit of f?
3
Suppose 0 = -s + 5*u + 6, 0 = 7*s - 3*s - 3*u + 44. Let d = -9 - s. Suppose 0 = -2*x - x - 5*w + 58, 4*x = -d*w + 69. What is the tens digit of x?
1
Let j(p) = -p**3 + 6*p**2 + p + 6. What is the units digit of j(5)?
6
Let n be (-2)/(-4)*(-6)/(-3). Suppose 2*a = -a. Let h = n - a. What is the units digit of h?
1
Suppose -2*j = 5*x - 252, -5*x - 3*j = -103 - 145. What is the tens digit of x?
5
Suppose 6*y - 3*y + 393 = 0. Let q = -86 - y. What is the tens digit of q?
4
Let f be (0 - -2) + (1 - 2). Let w(m) = -m**2 + m. Let c be w(f). Suppose -3*o = -c*o - 9. What is the units digit of o?
3
Let d(r) = -31*r + 8. Suppose 0*n - 3*n + 18 = 0. Let g be d(n). What is the units digit of g/(-14) - 2/(-7)?
3
Let w(o) be the first derivative of -o**4/4 + 2*o**3 + 7*o**2/2 + 6*o - 7. What is the units digit of w(7)?
6
Suppose 0*j + 8 = 4*j. Suppose 3*y - 29 = 3*s + j*y, -4*y + 44 = -3*s. What is the units digit of (-22)/s - 4/(-16)?
3
Suppose -132 = -2*t - 5*l - 3, -t - 5*l = -67. What is the units digit of t?
2
Let t(o) = -o**3 - o**2 + 14. Let v be t(0). Suppose -2*r = -10 - 4. Suppose r = 3*h - v. What is the units digit of h?
7
Let l = 28 - 14. Let v = l - 10. Suppose v*u = 11 + 9. What is the units digit of u?
5
Suppose -3*p + 5*v - v - 14 = 0, 15 = -5*p + 5*v. Suppose -p*z - 12 = -6*z. Suppose -15 = -0*a - z*a. What is the units digit of a?
5
What is the units digit of (4/3)/((2/15)/2)?
0
Let r be 3 + -2 + -2 - 2. What is the tens digit of (-13)/(r + 3 + -1)?
1
Let l(y) be the first derivative of y**2 - 4*y + 4. What is the units digit of l(3)?
2
Suppose 2*p + w = -p - 2, 5*p + 5*w + 20 = 0. Let k = p + 3. What is the units digit of 237/12 + 1/k?
0
Suppose -5*v + 0*f = 2*f - 226, f - 136 = -3*v. Suppose 3*x + v = 16. Let u = x - -15. What is the units digit of u?
5
Let z(m) = m**3 - 5*m**2 - 7*m + 9. Let l be z(6). Suppose 1 = 5*x - l*k - 84, 5*x - 2*k = 85. What is the tens digit of x?
1
Let w(z) = z**3 - z**2 + 11. Let b be w(0). Suppose 4*a - b = 29. What is the tens digit of a?
1
Suppose 0 = z - 7 - 68. What is the units digit of z?
5
Suppose 3*u - 9 = -36. What is the units digit of (2 - u) + 1/(-1)?
0
Suppose 5*m - 3*m + 3*k - 2 = 0, 0 = 5*m + 2*k - 5. What is the units digit of 4/(m + (-10)/14)?
4
Let k = -5 + 7. Let b(m) = -3*m**2 - 4*m**2 + 8*m + 4 + 6*m**k. What is the units digit of b(8)?
4
Let g(s) = s**2 + 2*s - 3. What is the tens digit of g(4)?
2
Let g = -4 - -20. What is the tens digit of g?
1
Let l be 1/(2/(-4)) + 48. Suppose 0*s + s - l = 0. What is the units digit of s?
6
Suppose 3*q + 0*q = 0. Let n be 3 + q + (1 - -1). Let d(g) = -g**3 + 6*g**2 - 5*g + 3. What is the units digit of d(n)?
3
Let j(t) = -6*t**3 - t**2 + 1. What is the units digit of j(-2)?
5
Let r(i) = -i**3 + 10*i**2 + 2*i - 12. What is the units digit of r(10)?
8
Suppose -5*h = -2*h - 159. What is the tens digit of h?
5
Let c(u) = u**2 - 5*u - 12. Let r be c(9). Suppose -3*z + 27 = -r. Suppose -2*g = 6, -4*m - g + z = -0*m. What is the units digit of m?
5
Su